{"id":1669,"date":"2025-03-10T19:32:22","date_gmt":"2025-03-10T19:32:22","guid":{"rendered":"https:\/\/todocampos.com.ar\/eventos-negocios\/?page_id=1669"},"modified":"2025-08-29T14:22:16","modified_gmt":"2025-08-29T14:22:16","slug":"productos","status":"publish","type":"page","link":"https:\/\/todocampos.com.ar\/eventos-negocios\/productos\/","title":{"rendered":"Productos"},"content":{"rendered":"\t\t<div data-elementor-type=\"wp-page\" data-elementor-id=\"1669\" class=\"elementor elementor-1669\" data-elementor-post-type=\"page\">\n\t\t\t\t<div class=\"elementor-element elementor-element-fbf917d e-flex e-con-boxed e-con e-parent\" data-id=\"fbf917d\" data-element_type=\"container\" data-e-type=\"container\" data-settings=\"{&quot;background_background&quot;:&quot;classic&quot;}\">\n\t\t\t\t\t<div class=\"e-con-inner\">\n\t\t\t\t<div class=\"elementor-element elementor-element-522ae613 elementor-widget elementor-widget-spacer\" data-id=\"522ae613\" data-element_type=\"widget\" data-e-type=\"widget\" data-widget_type=\"spacer.default\">\n\t\t\t\t<div class=\"elementor-widget-container\">\n\t\t\t\t\t\t\t<div class=\"elementor-spacer\">\n\t\t\t<div class=\"elementor-spacer-inner\"><\/div>\n\t\t<\/div>\n\t\t\t\t\t\t<\/div>\n\t\t\t\t<\/div>\n\t\t\t\t<div class=\"elementor-element elementor-element-485660bd elementor-widget elementor-widget-heading\" data-id=\"485660bd\" data-element_type=\"widget\" data-e-type=\"widget\" data-widget_type=\"heading.default\">\n\t\t\t\t<div class=\"elementor-widget-container\">\n\t\t\t\t\t<h1 class=\"elementor-heading-title elementor-size-default\">Oportunidades<\/h1>\t\t\t\t<\/div>\n\t\t\t\t<\/div>\n\t\t\t\t<div class=\"elementor-element elementor-element-682a958d elementor-widget elementor-widget-text-editor\" data-id=\"682a958d\" data-element_type=\"widget\" data-e-type=\"widget\" data-widget_type=\"text-editor.default\">\n\t\t\t\t<div class=\"elementor-widget-container\">\n\t\t\t\t\t\t\t\t\t<p>Seleccione la opci\u00f3n de su inter\u00e9s para tener m\u00e1s informaci\u00f3n<\/p>\t\t\t\t\t\t\t\t<\/div>\n\t\t\t\t<\/div>\n\t\t\t\t\t<\/div>\n\t\t\t\t<\/div>\n\t\t<div class=\"elementor-element elementor-element-7b7ab63e e-flex e-con-boxed e-con e-parent\" data-id=\"7b7ab63e\" data-element_type=\"container\" data-e-type=\"container\" data-settings=\"{&quot;background_background&quot;:&quot;slideshow&quot;,&quot;background_slideshow_gallery&quot;:[],&quot;background_slideshow_loop&quot;:&quot;yes&quot;,&quot;background_slideshow_slide_duration&quot;:5000,&quot;background_slideshow_slide_transition&quot;:&quot;fade&quot;,&quot;background_slideshow_transition_duration&quot;:500}\">\n\t\t\t\t\t<div class=\"e-con-inner\">\n\t\t\t\t<div class=\"elementor-element elementor-element-49a79f16 elementor-grid-3 elementor-product-loop-item--align-center elementor-grid-mobile-1 elementor-widget-mobile__width-inherit elementor-grid-tablet-3 elementor-products-grid elementor-wc-products elementor-widget elementor-widget-woocommerce-products\" data-id=\"49a79f16\" data-element_type=\"widget\" data-e-type=\"widget\" data-widget_type=\"woocommerce-products.default\">\n\t\t\t\t<div class=\"elementor-widget-container\">\n\t\t\t\t\t<div class=\"woocommerce columns-3 \"><ul class=\"products elementor-grid columns-3\">\n<li class=\"product type-product post-1985 status-publish first instock product_cat-sin-categorizar has-post-thumbnail taxable shipping-taxable product-type-simple\">\n\t<a href=\"https:\/\/todocampos.com.ar\/eventos-negocios\/producto\/segadora-new-holland-2014\/\" class=\"woocommerce-LoopProduct-link woocommerce-loop-product__link\"><img fetchpriority=\"high\" decoding=\"async\" width=\"300\" height=\"300\" src=\"https:\/\/todocampos.com.ar\/eventos-negocios\/wp-content\/uploads\/2025\/08\/dura4-300x300.jpg\" class=\"attachment-woocommerce_thumbnail size-woocommerce_thumbnail\" alt=\"Segadora New Holland 2014\" srcset=\"https:\/\/todocampos.com.ar\/eventos-negocios\/wp-content\/uploads\/2025\/08\/dura4-300x300.jpg 300w, https:\/\/todocampos.com.ar\/eventos-negocios\/wp-content\/uploads\/2025\/08\/dura4-150x150.jpg 150w, https:\/\/todocampos.com.ar\/eventos-negocios\/wp-content\/uploads\/2025\/08\/dura4-100x100.jpg 100w\" sizes=\"(max-width: 300px) 100vw, 300px\" \/><h2 class=\"woocommerce-loop-product__title\">Segadora New Holland 2014<\/h2>\n<\/a><div class=\"woocommerce-loop-product__buttons\"><a href=\"https:\/\/todocampos.com.ar\/eventos-negocios\/producto\/segadora-new-holland-2014\/\" aria-describedby=\"woocommerce_loop_add_to_cart_link_describedby_1985\" data-quantity=\"1\" class=\"button product_type_simple\" data-product_id=\"1985\" data-product_sku=\"\" aria-label=\"Lee m\u00e1s sobre &ldquo;Segadora New Holland 2014&rdquo;\" rel=\"nofollow\" data-success_message=\"\">Leer m\u00e1s<\/a><\/div>\t<span id=\"woocommerce_loop_add_to_cart_link_describedby_1985\" class=\"screen-reader-text\">\n\t\t\t<\/span>\n<\/li>\n<li class=\"product type-product post-1979 status-publish instock product_cat-maquinaria-usada product_cat-productos has-post-thumbnail taxable shipping-taxable product-type-simple\">\n\t<a href=\"https:\/\/todocampos.com.ar\/eventos-negocios\/producto\/segadora-case-2018\/\" class=\"woocommerce-LoopProduct-link woocommerce-loop-product__link\"><img decoding=\"async\" width=\"300\" height=\"300\" src=\"https:\/\/todocampos.com.ar\/eventos-negocios\/wp-content\/uploads\/2025\/08\/2case-300x300.jpg\" class=\"attachment-woocommerce_thumbnail size-woocommerce_thumbnail\" alt=\"Segadora Case 2018\" srcset=\"https:\/\/todocampos.com.ar\/eventos-negocios\/wp-content\/uploads\/2025\/08\/2case-300x300.jpg 300w, https:\/\/todocampos.com.ar\/eventos-negocios\/wp-content\/uploads\/2025\/08\/2case-150x150.jpg 150w, https:\/\/todocampos.com.ar\/eventos-negocios\/wp-content\/uploads\/2025\/08\/2case-100x100.jpg 100w\" sizes=\"(max-width: 300px) 100vw, 300px\" \/><h2 class=\"woocommerce-loop-product__title\">Segadora Case 2018<\/h2>\n<\/a><div class=\"woocommerce-loop-product__buttons\"><a href=\"https:\/\/todocampos.com.ar\/eventos-negocios\/producto\/segadora-case-2018\/\" aria-describedby=\"woocommerce_loop_add_to_cart_link_describedby_1979\" data-quantity=\"1\" class=\"button product_type_simple\" data-product_id=\"1979\" data-product_sku=\"\" aria-label=\"Lee m\u00e1s sobre &ldquo;Segadora Case 2018&rdquo;\" rel=\"nofollow\" data-success_message=\"\">Leer m\u00e1s<\/a><\/div>\t<span id=\"woocommerce_loop_add_to_cart_link_describedby_1979\" class=\"screen-reader-text\">\n\t\t\t<\/span>\n<\/li>\n<li class=\"product type-product post-1973 status-publish last instock product_cat-maquinaria-usada product_cat-productos has-post-thumbnail taxable shipping-taxable product-type-simple\">\n\t<a href=\"https:\/\/todocampos.com.ar\/eventos-negocios\/producto\/segadora-new-holland-2021\/\" class=\"woocommerce-LoopProduct-link woocommerce-loop-product__link\"><img decoding=\"async\" width=\"300\" height=\"300\" src=\"https:\/\/todocampos.com.ar\/eventos-negocios\/wp-content\/uploads\/2025\/08\/2-300x300.jpg\" class=\"attachment-woocommerce_thumbnail size-woocommerce_thumbnail\" alt=\"Segadora New Holland 2021\" srcset=\"https:\/\/todocampos.com.ar\/eventos-negocios\/wp-content\/uploads\/2025\/08\/2-300x300.jpg 300w, https:\/\/todocampos.com.ar\/eventos-negocios\/wp-content\/uploads\/2025\/08\/2-150x150.jpg 150w, https:\/\/todocampos.com.ar\/eventos-negocios\/wp-content\/uploads\/2025\/08\/2-100x100.jpg 100w\" sizes=\"(max-width: 300px) 100vw, 300px\" \/><h2 class=\"woocommerce-loop-product__title\">Segadora New Holland 2021<\/h2>\n<\/a><div class=\"woocommerce-loop-product__buttons\"><a href=\"https:\/\/todocampos.com.ar\/eventos-negocios\/producto\/segadora-new-holland-2021\/\" aria-describedby=\"woocommerce_loop_add_to_cart_link_describedby_1973\" data-quantity=\"1\" class=\"button product_type_simple\" data-product_id=\"1973\" data-product_sku=\"\" aria-label=\"Lee m\u00e1s sobre &ldquo;Segadora New Holland 2021&rdquo;\" rel=\"nofollow\" data-success_message=\"\">Leer m\u00e1s<\/a><\/div>\t<span id=\"woocommerce_loop_add_to_cart_link_describedby_1973\" class=\"screen-reader-text\">\n\t\t\t<\/span>\n<\/li>\n<li class=\"product type-product post-1939 status-publish first instock product_cat-maquinaria-usada has-post-thumbnail sold-individually taxable shipping-taxable product-type-simple\">\n\t<a href=\"https:\/\/todocampos.com.ar\/eventos-negocios\/producto\/segadora-challenger-2019\/\" class=\"woocommerce-LoopProduct-link woocommerce-loop-product__link\"><img loading=\"lazy\" decoding=\"async\" width=\"300\" height=\"300\" src=\"https:\/\/todocampos.com.ar\/eventos-negocios\/wp-content\/uploads\/2025\/08\/Imagen-de-WhatsApp-2025-08-28-a-las-19.16.54_cda0b169-300x300.jpg\" class=\"attachment-woocommerce_thumbnail size-woocommerce_thumbnail\" alt=\"Segadora Challenger 2019\" srcset=\"https:\/\/todocampos.com.ar\/eventos-negocios\/wp-content\/uploads\/2025\/08\/Imagen-de-WhatsApp-2025-08-28-a-las-19.16.54_cda0b169-300x300.jpg 300w, https:\/\/todocampos.com.ar\/eventos-negocios\/wp-content\/uploads\/2025\/08\/Imagen-de-WhatsApp-2025-08-28-a-las-19.16.54_cda0b169-150x150.jpg 150w, https:\/\/todocampos.com.ar\/eventos-negocios\/wp-content\/uploads\/2025\/08\/Imagen-de-WhatsApp-2025-08-28-a-las-19.16.54_cda0b169-100x100.jpg 100w\" sizes=\"(max-width: 300px) 100vw, 300px\" \/><h2 class=\"woocommerce-loop-product__title\">Segadora Challenger 2019<\/h2>\n<\/a><div class=\"woocommerce-loop-product__buttons\"><a href=\"https:\/\/todocampos.com.ar\/eventos-negocios\/producto\/segadora-challenger-2019\/\" aria-describedby=\"woocommerce_loop_add_to_cart_link_describedby_1939\" data-quantity=\"1\" class=\"button product_type_simple\" data-product_id=\"1939\" data-product_sku=\"\" aria-label=\"Lee m\u00e1s sobre &ldquo;Segadora Challenger 2019&rdquo;\" rel=\"nofollow\" data-success_message=\"\">Leer m\u00e1s<\/a><\/div>\t<span id=\"woocommerce_loop_add_to_cart_link_describedby_1939\" class=\"screen-reader-text\">\n\t\t\t<\/span>\n<\/li>\n<li class=\"product type-product post-1912 status-publish instock product_cat-productos has-post-thumbnail taxable shipping-taxable product-type-simple\">\n\t<a href=\"https:\/\/todocampos.com.ar\/eventos-negocios\/producto\/peletizadora\/\" class=\"woocommerce-LoopProduct-link woocommerce-loop-product__link\"><img loading=\"lazy\" decoding=\"async\" width=\"300\" height=\"300\" src=\"https:\/\/todocampos.com.ar\/eventos-negocios\/wp-content\/uploads\/2025\/06\/4-300x300.jpg\" class=\"attachment-woocommerce_thumbnail size-woocommerce_thumbnail\" alt=\"Peletizadora\" srcset=\"https:\/\/todocampos.com.ar\/eventos-negocios\/wp-content\/uploads\/2025\/06\/4-300x300.jpg 300w, https:\/\/todocampos.com.ar\/eventos-negocios\/wp-content\/uploads\/2025\/06\/4-150x150.jpg 150w, https:\/\/todocampos.com.ar\/eventos-negocios\/wp-content\/uploads\/2025\/06\/4-100x100.jpg 100w\" sizes=\"(max-width: 300px) 100vw, 300px\" \/><h2 class=\"woocommerce-loop-product__title\">Peletizadora<\/h2>\n<\/a><div class=\"woocommerce-loop-product__buttons\"><a href=\"https:\/\/todocampos.com.ar\/eventos-negocios\/producto\/peletizadora\/\" aria-describedby=\"woocommerce_loop_add_to_cart_link_describedby_1912\" data-quantity=\"1\" class=\"button product_type_simple\" data-product_id=\"1912\" data-product_sku=\"\" aria-label=\"Lee m\u00e1s sobre &ldquo;Peletizadora&rdquo;\" rel=\"nofollow\" data-success_message=\"\">Leer m\u00e1s<\/a><\/div>\t<span id=\"woocommerce_loop_add_to_cart_link_describedby_1912\" class=\"screen-reader-text\">\n\t\t\t<\/span>\n<\/li>\n<li class=\"product type-product post-1777 status-publish last instock product_cat-busqueda has-post-thumbnail taxable shipping-taxable product-type-simple\">\n\t<a href=\"https:\/\/todocampos.com.ar\/eventos-negocios\/producto\/buscamos-campo-en-cordoba\/\" class=\"woocommerce-LoopProduct-link woocommerce-loop-product__link\"><img loading=\"lazy\" decoding=\"async\" width=\"300\" height=\"300\" src=\"https:\/\/todocampos.com.ar\/eventos-negocios\/wp-content\/uploads\/2025\/03\/pexels-alejandro-barron-21404-96715-300x300.jpg\" class=\"attachment-woocommerce_thumbnail size-woocommerce_thumbnail\" alt=\"Buscamos campo en C\u00f3rdoba\" srcset=\"https:\/\/todocampos.com.ar\/eventos-negocios\/wp-content\/uploads\/2025\/03\/pexels-alejandro-barron-21404-96715-300x300.jpg 300w, https:\/\/todocampos.com.ar\/eventos-negocios\/wp-content\/uploads\/2025\/03\/pexels-alejandro-barron-21404-96715-150x150.jpg 150w, https:\/\/todocampos.com.ar\/eventos-negocios\/wp-content\/uploads\/2025\/03\/pexels-alejandro-barron-21404-96715-100x100.jpg 100w\" sizes=\"(max-width: 300px) 100vw, 300px\" \/><h2 class=\"woocommerce-loop-product__title\">Buscamos campo en C\u00f3rdoba<\/h2>\n<\/a><div class=\"woocommerce-loop-product__buttons\"><a href=\"https:\/\/todocampos.com.ar\/eventos-negocios\/producto\/buscamos-campo-en-cordoba\/\" aria-describedby=\"woocommerce_loop_add_to_cart_link_describedby_1777\" data-quantity=\"1\" class=\"button product_type_simple\" data-product_id=\"1777\" data-product_sku=\"\" aria-label=\"Lee m\u00e1s sobre &ldquo;Buscamos campo en C\u00f3rdoba&rdquo;\" rel=\"nofollow\" data-success_message=\"\">Leer m\u00e1s<\/a><\/div>\t<span id=\"woocommerce_loop_add_to_cart_link_describedby_1777\" class=\"screen-reader-text\">\n\t\t\t<\/span>\n<\/li>\n<li class=\"product type-product post-1635 status-publish first instock product_cat-productos product_cat-semillas has-post-thumbnail taxable shipping-taxable product-type-simple\">\n\t<a href=\"https:\/\/todocampos.com.ar\/eventos-negocios\/producto\/semillas-de-sorgo-y-alfalfa\/\" class=\"woocommerce-LoopProduct-link woocommerce-loop-product__link\"><img loading=\"lazy\" decoding=\"async\" width=\"300\" height=\"288\" src=\"https:\/\/todocampos.com.ar\/eventos-negocios\/wp-content\/uploads\/2025\/03\/post_thumbnail-357f0ee7480dfc47895346ec1b55cdee-300x288.png\" class=\"attachment-woocommerce_thumbnail size-woocommerce_thumbnail\" alt=\"Semillas de Sorgo y Alfalfa\" \/><h2 class=\"woocommerce-loop-product__title\">Semillas de Sorgo y Alfalfa<\/h2>\n<\/a><div class=\"woocommerce-loop-product__buttons\"><a href=\"https:\/\/todocampos.com.ar\/eventos-negocios\/producto\/semillas-de-sorgo-y-alfalfa\/\" aria-describedby=\"woocommerce_loop_add_to_cart_link_describedby_1635\" data-quantity=\"1\" class=\"button product_type_simple\" data-product_id=\"1635\" data-product_sku=\"\" aria-label=\"Lee m\u00e1s sobre &ldquo;Semillas de Sorgo y Alfalfa&rdquo;\" rel=\"nofollow\" data-success_message=\"\">Leer m\u00e1s<\/a><\/div>\t<span id=\"woocommerce_loop_add_to_cart_link_describedby_1635\" class=\"screen-reader-text\">\n\t\t\t<\/span>\n<\/li>\n<li class=\"product type-product post-1628 status-publish instock product_cat-campo-productos product_cat-productos has-post-thumbnail taxable shipping-taxable product-type-simple\">\n\t<a href=\"https:\/\/todocampos.com.ar\/eventos-negocios\/producto\/campo-en-bell-ville\/\" class=\"woocommerce-LoopProduct-link woocommerce-loop-product__link\"><img loading=\"lazy\" decoding=\"async\" width=\"300\" height=\"300\" src=\"https:\/\/todocampos.com.ar\/eventos-negocios\/wp-content\/uploads\/2025\/03\/Imagen-de-WhatsApp-2025-03-06-a-las-12.29.31_21633823-300x300.jpg\" class=\"attachment-woocommerce_thumbnail size-woocommerce_thumbnail\" alt=\"Campo en Bell Ville\" srcset=\"https:\/\/todocampos.com.ar\/eventos-negocios\/wp-content\/uploads\/2025\/03\/Imagen-de-WhatsApp-2025-03-06-a-las-12.29.31_21633823-300x300.jpg 300w, https:\/\/todocampos.com.ar\/eventos-negocios\/wp-content\/uploads\/2025\/03\/Imagen-de-WhatsApp-2025-03-06-a-las-12.29.31_21633823-150x150.jpg 150w, https:\/\/todocampos.com.ar\/eventos-negocios\/wp-content\/uploads\/2025\/03\/Imagen-de-WhatsApp-2025-03-06-a-las-12.29.31_21633823-100x100.jpg 100w\" sizes=\"(max-width: 300px) 100vw, 300px\" \/><h2 class=\"woocommerce-loop-product__title\">Campo en Bell Ville<\/h2>\n<\/a><div class=\"woocommerce-loop-product__buttons\"><a href=\"https:\/\/todocampos.com.ar\/eventos-negocios\/producto\/campo-en-bell-ville\/\" aria-describedby=\"woocommerce_loop_add_to_cart_link_describedby_1628\" data-quantity=\"1\" class=\"button product_type_simple\" data-product_id=\"1628\" data-product_sku=\"\" aria-label=\"Lee m\u00e1s sobre &ldquo;Campo en Bell Ville&rdquo;\" rel=\"nofollow\" data-success_message=\"\">Leer m\u00e1s<\/a><\/div>\t<span id=\"woocommerce_loop_add_to_cart_link_describedby_1628\" class=\"screen-reader-text\">\n\t\t\t<\/span>\n<\/li>\n<li class=\"product type-product post-1614 status-publish last instock product_cat-finca-productos product_cat-productos has-post-thumbnail taxable shipping-taxable product-type-simple\">\n\t<a href=\"https:\/\/todocampos.com.ar\/eventos-negocios\/producto\/finca-con-vinedo-premium\/\" class=\"woocommerce-LoopProduct-link woocommerce-loop-product__link\"><img loading=\"lazy\" decoding=\"async\" width=\"300\" height=\"300\" src=\"https:\/\/todocampos.com.ar\/eventos-negocios\/wp-content\/uploads\/2025\/03\/foto1-300x300.webp\" class=\"attachment-woocommerce_thumbnail size-woocommerce_thumbnail\" alt=\"Finca con Vi\u00f1edo Premium\" srcset=\"https:\/\/todocampos.com.ar\/eventos-negocios\/wp-content\/uploads\/2025\/03\/foto1-300x300.webp 300w, https:\/\/todocampos.com.ar\/eventos-negocios\/wp-content\/uploads\/2025\/03\/foto1-150x150.webp 150w, https:\/\/todocampos.com.ar\/eventos-negocios\/wp-content\/uploads\/2025\/03\/foto1-100x100.webp 100w\" sizes=\"(max-width: 300px) 100vw, 300px\" \/><h2 class=\"woocommerce-loop-product__title\">Finca con Vi\u00f1edo Premium<\/h2>\n<\/a><div class=\"woocommerce-loop-product__buttons\"><a href=\"https:\/\/todocampos.com.ar\/eventos-negocios\/producto\/finca-con-vinedo-premium\/\" aria-describedby=\"woocommerce_loop_add_to_cart_link_describedby_1614\" data-quantity=\"1\" class=\"button product_type_simple\" data-product_id=\"1614\" data-product_sku=\"\" aria-label=\"Lee m\u00e1s sobre &ldquo;Finca con Vi\u00f1edo Premium&rdquo;\" rel=\"nofollow\" data-success_message=\"\">Leer m\u00e1s<\/a><\/div>\t<span id=\"woocommerce_loop_add_to_cart_link_describedby_1614\" class=\"screen-reader-text\">\n\t\t\t<\/span>\n<\/li>\n<li class=\"product type-product post-1577 status-publish first instock product_cat-finca-productos product_cat-productos has-post-thumbnail taxable shipping-taxable product-type-simple\">\n\t<a href=\"https:\/\/todocampos.com.ar\/eventos-negocios\/producto\/chacra-alfalfera\/\" class=\"woocommerce-LoopProduct-link woocommerce-loop-product__link\"><img loading=\"lazy\" decoding=\"async\" width=\"300\" height=\"300\" src=\"https:\/\/todocampos.com.ar\/eventos-negocios\/wp-content\/uploads\/2025\/03\/4-300x300.jpg\" class=\"attachment-woocommerce_thumbnail size-woocommerce_thumbnail\" alt=\"Chacra Alfalfera\" srcset=\"https:\/\/todocampos.com.ar\/eventos-negocios\/wp-content\/uploads\/2025\/03\/4-300x300.jpg 300w, https:\/\/todocampos.com.ar\/eventos-negocios\/wp-content\/uploads\/2025\/03\/4-150x150.jpg 150w, https:\/\/todocampos.com.ar\/eventos-negocios\/wp-content\/uploads\/2025\/03\/4-100x100.jpg 100w\" sizes=\"(max-width: 300px) 100vw, 300px\" \/><h2 class=\"woocommerce-loop-product__title\">Chacra Alfalfera<\/h2>\n<\/a><div class=\"woocommerce-loop-product__buttons\"><a href=\"https:\/\/todocampos.com.ar\/eventos-negocios\/producto\/chacra-alfalfera\/\" aria-describedby=\"woocommerce_loop_add_to_cart_link_describedby_1577\" data-quantity=\"1\" class=\"button product_type_simple\" data-product_id=\"1577\" data-product_sku=\"\" aria-label=\"Lee m\u00e1s sobre &ldquo;Chacra Alfalfera&rdquo;\" rel=\"nofollow\" data-success_message=\"\">Leer m\u00e1s<\/a><\/div>\t<span id=\"woocommerce_loop_add_to_cart_link_describedby_1577\" class=\"screen-reader-text\">\n\t\t\t<\/span>\n<\/li>\n<\/ul>\n<\/div>\t\t\t\t<\/div>\n\t\t\t\t<\/div>\n\t\t\t\t\t<\/div>\n\t\t\t\t<\/div>\n\t\t<div class=\"elementor-element elementor-element-6f0ccce3 e-flex e-con-boxed e-con e-parent\" data-id=\"6f0ccce3\" data-element_type=\"container\" data-e-type=\"container\">\n\t\t\t\t\t<div class=\"e-con-inner\">\n\t\t\t\t<div class=\"elementor-element elementor-element-317ccc3a elementor-widget elementor-widget-spacer\" data-id=\"317ccc3a\" data-element_type=\"widget\" data-e-type=\"widget\" data-widget_type=\"spacer.default\">\n\t\t\t\t<div class=\"elementor-widget-container\">\n\t\t\t\t\t\t\t<div class=\"elementor-spacer\">\n\t\t\t<div class=\"elementor-spacer-inner\"><\/div>\n\t\t<\/div>\n\t\t\t\t\t\t<\/div>\n\t\t\t\t<\/div>\n\t\t\t\t\t<\/div>\n\t\t\t\t<\/div>\n\t\t\t\t<\/div>\n\t\t","protected":false},"excerpt":{"rendered":"<p>Oportunidades Seleccione la opci\u00f3n de su inter\u00e9s para tener m\u00e1s informaci\u00f3n<\/p>\n","protected":false},"author":3,"featured_media":0,"parent":0,"menu_order":0,"comment_status":"closed","ping_status":"closed","template":"","meta":{"footnotes":""},"class_list":["post-1669","page","type-page","status-publish","hentry"],"_links":{"self":[{"href":"https:\/\/todocampos.com.ar\/eventos-negocios\/wp-json\/wp\/v2\/pages\/1669","targetHints":{"allow":["GET"]}}],"collection":[{"href":"https:\/\/todocampos.com.ar\/eventos-negocios\/wp-json\/wp\/v2\/pages"}],"about":[{"href":"https:\/\/todocampos.com.ar\/eventos-negocios\/wp-json\/wp\/v2\/types\/page"}],"author":[{"embeddable":true,"href":"https:\/\/todocampos.com.ar\/eventos-negocios\/wp-json\/wp\/v2\/users\/3"}],"replies":[{"embeddable":true,"href":"https:\/\/todocampos.com.ar\/eventos-negocios\/wp-json\/wp\/v2\/comments?post=1669"}],"version-history":[{"count":19,"href":"https:\/\/todocampos.com.ar\/eventos-negocios\/wp-json\/wp\/v2\/pages\/1669\/revisions"}],"predecessor-version":[{"id":1995,"href":"https:\/\/todocampos.com.ar\/eventos-negocios\/wp-json\/wp\/v2\/pages\/1669\/revisions\/1995"}],"wp:attachment":[{"href":"https:\/\/todocampos.com.ar\/eventos-negocios\/wp-json\/wp\/v2\/media?parent=1669"}],"curies":[{"name":"wp","href":"https:\/\/api.w.org\/{rel}","templated":true}]}}